Let n = -40 - -33. What are the prime factors of (2*-23)/(2/n)?
7, 23
What are the prime factors of (-8)/4 + (0 - 2) - -247?
3
Suppose 0 = -2*k - 4*d + 334, k - 159 = d + d. Suppose 161*y - k*y = -486. What are the prime factors of y?
3
Let w be 40/(-16)*4/(-10). Let c be (-5)/(0 + -2 + w). Suppose -f = c*r - 41 - 19, -f - 4*r + 55 = 0. What are the prime factors of f?
5, 7
Let c(m) = 268*m**2 + 4*m - 6. List the prime factors of c(1).
2, 7, 19
Suppose 5*j + 4*n - 4750 = 0, -947 = 2*j + 5*n - 2847. What are the prime factors of j?
2, 5, 19
Let a = 0 - -2. Suppose w = -a*w + 15. What are the prime factors of w?
5
Suppose 385 = 5*y - 0*o - 5*o, -y - o = -75. What are the prime factors of y + (-4 - 0 - -1)?
73
Suppose 8*g - 3*g = 95. Let s(o) = o**3 - 18*o**2 - 8*o + 27. List the prime factors of s(g).
2, 59
Let m(j) = -4*j**3 + j**2 - 3*j - 7. Suppose 3*k - 45 = -57. List the prime factors of m(k).
277
Suppose -3*k + 3*g + 24 = -276, -97 = -k + 4*g. List the prime factors of k.
101
Let w(z) = 12*z**2 - 37*z + 126. List the prime factors of w(15).
3, 757
Let c(d) = -3*d**3 + 8*d**2 + 16*d - 15. List the prime factors of c(-6).
3, 5, 11
Let t(u) = 25*u. Let j be t(3). Let q = -19 - 14. Let b = q + j. List the prime factors of b.
2, 3, 7
Suppose s - 3*s + 2*v = 6, -2*s + v - 3 = 0. Suppose 3*z - 5*d - 192 = s, 8 = 2*d + 2. List the prime factors of z.
3, 23
Let z(g) = -g**2 + 2*g + 4. Let x be z(-2). List the prime factors of (-1)/(x + 441/111).
37
Let l(t) = -113*t**3 - t**2 + 8*t + 24. List the prime factors of l(-3).
2, 3, 13
Suppose 0 = -3*v + 5*l + 8130, -4*v - 27*l + 10866 = -25*l. What are the prime factors of v?
3, 5, 181
Let w(r) = 4*r**2 - 6*r + 5 + 0*r**2 + r**3 - 5*r**2 + 10*r**2. List the prime factors of w(-9).
59
Suppose -4*c - 5*m = 22 + 9, 5*m = 4*c + 1. What are the prime factors of -1*(c + 7 - 123)?
2, 3, 5
Suppose k = -3*r + 5, 4*r - 1 = -k + 6. Let g be (-1)/(r/(-4)*1). Suppose 0*z + g*z = 32. List the prime factors of z.
2
Let u(r) = -r**2 - 25*r - 10. Let s be u(-22). Let b = s + 10. List the prime factors of b.
2, 3, 11
Let y(b) = -2*b**2 - 11*b + 11. Let a(j) = j**2 + 11*j - 10. Let o(n) = -3*a(n) - 2*y(n). Let d be o(13). Let g = -24 + d. What are the prime factors of g?
2, 5
Let w(g) = 12*g**3 - 3*g**2 - 21*g + 50. List the prime factors of w(5).
2, 5, 137
Let m(g) = g**3 - 2*g**2 + 4*g - 5. Let o be m(3). Suppose -o - 199 = -5*t. Suppose 2*x - 3*x + t = 0. List the prime factors of x.
43
Suppose -982 = -6*h + 2840. What are the prime factors of h?
7, 13
Let f(g) = 5*g**3 + 64*g**2 - 29*g - 29. List the prime factors of f(-13).
179
Let b = -5 + 8. Let c(y) = y**3 - 12*y**2 + 49*y + 2. Let d be c(5). Suppose b*j = 5*j - d. List the prime factors of j.
2, 3
Let w be 3/2 - 5/(-2). Suppose 7*p = w*p + 3. Let s = p + 23. List the prime factors of s.
2, 3
Suppose c + 11354 = 4*w + w, 6812 = 3*w - c. What are the prime factors of w?
3, 757
Suppose 2*u = -2*a - 6, 15 = u - 6*u. List the prime factors of 30 - (2 + a - -1).
3
Suppose -3*i = 2*z - 231, 2*i - 5*i + 108 = z. List the prime factors of z/(12/(-8)*8/(-12)).
3, 41
Let o(g) = -g**2 - 3*g - 8. Let n be o(-7). Let z = -33 - n. List the prime factors of z.
3
Let o(j) = -366*j + 141. What are the prime factors of o(-3)?
3, 7, 59
Let d(h) = -2*h**2 - 17*h - 4. Let m(c) = -c**2 - 9*c - 2. Let i(q) = 4*d(q) - 7*m(q). Let s be i(-4). Suppose 6*r - s = 5*r. What are the prime factors of r?
2
Let i = -121 + 124. List the prime factors of 0*i/15 + 103.
103
Let s(c) be the second derivative of c**3 - 7*c**2/2 + 11*c. What are the prime factors of s(9)?
47
Suppose -2*u - 212 = 14. Let n = 122 - u. List the prime factors of n.
5, 47
Suppose -f - 2*r + 752 - 52 = 0, f - 698 = -r. What are the prime factors of f?
2, 3, 29
Let h be 2*(-1 - (4 - 6)). Let j be (-27)/((-3)/1 + h). Suppose -2*v + j = -5. What are the prime factors of v?
2
Let m be (-3 - -3)/(-2 + 1). Suppose -4*s + 420 = -m*s. Suppose -s + 33 = -4*i. What are the prime factors of i?
2, 3
Let y(c) = 22*c**2 - 16*c + 63. List the prime factors of y(5).
13, 41
Let p(w) = 27 + 16*w + 2*w**2 + 4*w + 0*w**2 - w**2. What are the prime factors of p(-25)?
2, 19
Suppose 0*u + 5*u - 4*k + 11 = 0, -u = -k + 2. Let h be (u + 2)/((-11)/(-88)). List the prime factors of (-6)/24 - 122/h.
3, 5
Let l = 4130 - 1939. List the prime factors of l.
7, 313
Suppose -2*x = -5*j - 59, -21 = -3*x - j + 42. What are the prime factors of x?
2, 11
Suppose -12 = 4*p - 0*d - 4*d, 0 = 2*d - 10. Let k(a) = -a**2 - 29*a - 100. Let r be k(-25). List the prime factors of (p + -23)/(-1 - r).
3, 7
Let k = 4790 - 7325. What are the prime factors of 2 + k/(-20) - 1/(-4)?
3, 43
Let r be 2/(295/100 + -3). What are the prime factors of r/2*(-170)/40?
5, 17
Suppose -3*p = 5*n - 25, -3*p = -14 - 1. Suppose -n = -y + 22. What are the prime factors of y?
2, 3
Let o be 29*5/(-15)*3. Let c = -20 - o. Suppose c*q = 4*q + 230. What are the prime factors of q?
2, 23
Suppose 0 = 10*b + b - 55. Suppose 0 = 3*o + w - 101, 3*o - b*w - 73 = o. What are the prime factors of o?
2, 17
Let f = 89 - 36. Let w(g) = g**3 + 10*g**2 - 10*g - 15. Let l be w(-11). Let b = l + f. What are the prime factors of b?
3
Let p = 12 + -8. Suppose -p*j = -j - 390. Suppose w + 5*c + j = 6*w, 0 = 2*c + 4. List the prime factors of w.
2, 3
Let y(p) = -p**3 + 6*p**2 + 14*p - 17. List the prime factors of y(5).
2, 3, 13
Suppose 0 = -63*t + 59*t + 16. Suppose x + x - 467 = -5*c, -3*x = t*c - 711. What are the prime factors of x?
241
Let x = 4397 + -2438. What are the prime factors of x?
3, 653
Let x be (-3 - 1) + (8 - 0). List the prime factors of (-183)/(-3) - -3 - x.
2, 3, 5
Let j(i) = 115*i**3 + i**2 + 2*i - 3. What are the prime factors of j(1)?
5, 23
Let n(y) = 2411*y**2 + 4. List the prime factors of n(-1).
3, 5, 7, 23
Let y(d) = d**3 - d**2 + d - 1. Let a(u) = -9*u**3 + 2*u**2 - 4*u - 5. Let s(j) = a(j) + 6*y(j). List the prime factors of s(-4).
109
Suppose 7 = z - 13. Let k be (12/(-10))/((-3)/z). Suppose -k*v - 88 = -10*v. List the prime factors of v.
2, 11
Let p(g) = 5*g + 6*g**2 - 3 + 12 + 5*g**2 + g**2. List the prime factors of p(4).
13, 17
Suppose -13268 = -4*q + 5*y - 2079, -4*q = -4*y - 11184. What are the prime factors of q?
2791
Suppose 0 = j + a - 1797, -700 + 2517 = j + 5*a. What are the prime factors of j?
2, 7
Suppose -92 = -30*m + 28*m. Suppose -6*v = -7*v - m. List the prime factors of (-2)/2 + (1 - v).
2, 23
Suppose 4*m + 400 = 4*v, 572 = 4*v - 3*m + 177. Suppose 0 = -15*x + 10*x + v. What are the prime factors of x?
19
Let u = 6 - 2. Suppose 4*q = 4*v + 424, -8*q + u*q + 428 = -5*v. What are the prime factors of q?
2, 3, 17
Let t(a) be the first derivative of 15*a**2 - 9*a - 9. List the prime factors of t(3).
3
Let u = -148 + 87. Let l = -27 + -9. Let a = l - u. List the prime factors of a.
5
Let k = 18 - 18. Let r = k + 13. Let b = 22 - r. List the prime factors of b.
3
Let r = 3 + 5. Suppose 2 = -7*k + r*k. Suppose 0 = -k*x - 2*x - b + 176, -5*x + 2*b + 207 = 0. What are the prime factors of x?
43
Let s(r) = -4*r - 3. Let n be s(-2). Let y(a) = -a**2 + 10*a + 11. Let p(q) = q + 1. Let h(b) = -5*p(b) + y(b). List the prime factors of h(n).
2, 3
What are the prime factors of 702 - ((-3)/6 - (-132)/24)?
17, 41
Let a(k) = k**2 - 4*k + 36. List the prime factors of a(9).
3
Suppose 624 = 5*z + 64. Let y(g) = 3*g**2 + 41*g - 33. Let l be y(-13). Let s = l + z. List the prime factors of s.
53
What are the prime factors of 6 + 3 - (-4257 + -1)?
17, 251
Let v = 551 - 326. Suppose 0 = -0*u + 3*u - v. List the prime factors of (-4)/(-6)*u/10.
5
Let g(i) = 3*i - 70. Let q be g(30). List the prime factors of ((-254)/(-8))/((-1)/q*-5).
127
Suppose 2*q + 4 = 0, 5*q = 19*x - 16*x - 3127. What are the prime factors of x?
1039
Let j(w) = 24*w**2 + 7*w + 15. List the prime factors of j(-5).
2, 5, 29
Let s(r) be the first derivative of r**2 - 10*r + 3. Let n(g) = g**3 + 7*g**2 + 10. Let t be n(-7). What are the prime factors of s(t)?
2, 5
Let z(u) = 11*u**2 + 2*u + 698. What are the prime factors of z(-22)?
2, 7, 61
Suppose -5*r = 2*m - 137, 0*m - 3*r = 2*m - 127. Let g(v) = v**2 + v. Let u be g(-1). Suppose 3*d + d - m = u. List the prime factors of d.
2, 7
Let h(r) = -3 + 6*r**2 - 10*r - 8 + r**3 